{"id":851,"date":"2010-04-11T22:43:00","date_gmt":"2010-04-11T22:43:00","guid":{"rendered":"http:\/\/adoroler.com.br\/livro\/na-baixa-dos-sapateiros-copy\/"},"modified":"2023-04-13T15:02:12","modified_gmt":"2023-04-13T15:02:12","slug":"formikinha","status":"publish","type":"obras","link":"https:\/\/adoroler.com.br\/en\/livro\/formikinha\/","title":{"rendered":"Formikinha"},"content":{"rendered":"<h2 class=\"wp-block-heading\">Sobre a autora<\/h2>\n\n\n\n<p>Erika Maciel \u00e9 professora de L\u00edngua Portuguesa do Instituto federal de Educa\u00e7\u00e3o, Ci\u00eancia e Tecnologia da Bahia (IFBA). \u00c9 graduada em letras Vern\u00e1culas com L\u00edngua Italiana pela Universidade Federal da Bahia (UFBA) e especialista em Gram\u00e1tica e Texto pela Universidade Salvador (UNIFACS).<\/p>\n\n\n\n<p>Em seu livro de estreia \u2013 \u201cFormikinha, a formiga que gostava de ler\u201d -, a autora faz uma viagem at\u00e9 sua inf\u00e2ncia na cidade de Alagoinhas, no interior da Bahia, onde seus av\u00f3s paternos possu\u00edam uma livraria.<\/p>\n\n\n\n<p>L\u00e1, Erika, ou Formiga, como era chamada por seu av\u00f4 Te\u00f3filo, por ser muito pequena e agitada, ou ainda Kinha, como muitos a conhecem at\u00e9 hoje, cresceu em um ambiente cercado de livros e materiais escolares e no qual a leitura era sempre uma aventura muito prazerosa.<\/p>\n\n\n\n<div class=\"wp-block-columns creditos is-layout-flex wp-container-core-columns-is-layout-9d6595d7 wp-block-columns-is-layout-flex\">\n<div class=\"wp-block-column is-layout-flow wp-block-column-is-layout-flow\">\n<h4 class=\"wp-block-heading\">Editora<\/h4>\n\n\n\n<ul class=\"wp-block-list\">\n<li>Expoart (71-99972-7474)<\/li>\n<\/ul>\n\n\n\n<h4 class=\"wp-block-heading\">Autora<\/h4>\n\n\n\n<ul class=\"wp-block-list\">\n<li>Erika Maciel<\/li>\n<\/ul>\n\n\n\n<h4 class=\"wp-block-heading\">Ilustradores<\/h4>\n\n\n\n<ul class=\"wp-block-list\">\n<li>Paulo Serra<\/li>\n<\/ul>\n\n\n\n<h4 class=\"wp-block-heading\">Revis\u00e3o<\/h4>\n\n\n\n<ul class=\"wp-block-list\">\n<li>Erika Maciel<\/li>\n<\/ul>\n\n\n\n<h4 class=\"wp-block-heading\">Capa<\/h4>\n\n\n\n<ul class=\"wp-block-list\">\n<li>Leonardo Bokor<\/li>\n<\/ul>\n\n\n\n<h4 class=\"wp-block-heading\">Agradecimentos<\/h4>\n\n\n\n<ul class=\"wp-block-list\">\n<li>Leonardo Bokor<\/li>\n<\/ul>\n<\/div>\n\n\n\n<div class=\"wp-block-column is-layout-flow wp-block-column-is-layout-flow\">\n<p>Patrocinio da RedeMix, utilizando os benef\u00edcios do Programa Estadual de Incentivo \u00e0 Cultura - FAZCULTURA - do Governo do Estado da Bahia. Lei n\u00ba 7015\/96. Salvador - Bahia - Brasil<\/p>\n<\/div>\n<\/div>","protected":false},"excerpt":{"rendered":"<p>Sobre a autora Erika Maciel \u00e9 professora de L\u00edngua Portuguesa do Instituto federal de Educa\u00e7\u00e3o, Ci\u00eancia e Tecnologia da Bahia (IFBA). \u00c9 graduada em letras Vern\u00e1culas com L\u00edngua Italiana pela Universidade Federal da Bahia (UFBA) e especialista em Gram\u00e1tica e Texto pela Universidade Salvador (UNIFACS). Em seu livro de estreia \u2013 \u201cFormikinha, a formiga que [&hellip;]<\/p>\n","protected":false},"featured_media":855,"template":"","categories":[],"class_list":["post-851","obras","type-obras","status-publish","has-post-thumbnail","hentry"],"yoast_head":"<!-- This site is optimized with the Yoast SEO plugin v27.5 - https:\/\/yoast.com\/product\/yoast-seo-wordpress\/ -->\n<title>Formikinha - Adoro Ler<\/title>\n<meta name=\"robots\" content=\"index, follow, max-snippet:-1, max-image-preview:large, max-video-preview:-1\" \/>\n<link rel=\"canonical\" href=\"https:\/\/adoroler.com.br\/en\/livro\/formikinha\/\" \/>\n<meta property=\"og:locale\" content=\"en_US\" \/>\n<meta property=\"og:type\" content=\"article\" \/>\n<meta property=\"og:title\" content=\"Formikinha - Adoro Ler\" \/>\n<meta property=\"og:description\" content=\"Sobre a autora Erika Maciel \u00e9 professora de L\u00edngua Portuguesa do Instituto federal de Educa\u00e7\u00e3o, Ci\u00eancia e Tecnologia da Bahia (IFBA). \u00c9 graduada em letras Vern\u00e1culas com L\u00edngua Italiana pela Universidade Federal da Bahia (UFBA) e especialista em Gram\u00e1tica e Texto pela Universidade Salvador (UNIFACS). Em seu livro de estreia \u2013 \u201cFormikinha, a formiga que [&hellip;]\" \/>\n<meta property=\"og:url\" content=\"https:\/\/adoroler.com.br\/en\/livro\/formikinha\/\" \/>\n<meta property=\"og:site_name\" content=\"Adoro Ler\" \/>\n<meta property=\"article:modified_time\" content=\"2023-04-13T15:02:12+00:00\" \/>\n<meta property=\"og:image\" content=\"https:\/\/adoroler.com.br\/wp-content\/uploads\/livro-formikinha.jpg\" \/>\n\t<meta property=\"og:image:width\" content=\"500\" \/>\n\t<meta property=\"og:image:height\" content=\"500\" \/>\n\t<meta property=\"og:image:type\" content=\"image\/jpeg\" \/>\n<meta name=\"twitter:card\" content=\"summary_large_image\" \/>\n<meta name=\"twitter:label1\" content=\"Est. reading time\" \/>\n\t<meta name=\"twitter:data1\" content=\"1 minute\" \/>\n<script type=\"application\/ld+json\" class=\"yoast-schema-graph\">{\"@context\":\"https:\\\/\\\/schema.org\",\"@graph\":[{\"@type\":[\"WebPage\",\"CollectionPage\"],\"@id\":\"https:\\\/\\\/adoroler.com.br\\\/livro\\\/formikinha\\\/\",\"url\":\"https:\\\/\\\/adoroler.com.br\\\/livro\\\/formikinha\\\/\",\"name\":\"Formikinha - Adoro Ler\",\"isPartOf\":{\"@id\":\"https:\\\/\\\/adoroler.com.br\\\/#website\"},\"primaryImageOfPage\":{\"@id\":\"https:\\\/\\\/adoroler.com.br\\\/livro\\\/formikinha\\\/#primaryimage\"},\"image\":{\"@id\":\"https:\\\/\\\/adoroler.com.br\\\/livro\\\/formikinha\\\/#primaryimage\"},\"thumbnailUrl\":\"https:\\\/\\\/adoroler.com.br\\\/wp-content\\\/uploads\\\/livro-formikinha.jpg\",\"datePublished\":\"2010-04-11T22:43:00+00:00\",\"dateModified\":\"2023-04-13T15:02:12+00:00\",\"breadcrumb\":{\"@id\":\"https:\\\/\\\/adoroler.com.br\\\/livro\\\/formikinha\\\/#breadcrumb\"},\"inLanguage\":\"en-US\"},{\"@type\":\"ImageObject\",\"inLanguage\":\"en-US\",\"@id\":\"https:\\\/\\\/adoroler.com.br\\\/livro\\\/formikinha\\\/#primaryimage\",\"url\":\"https:\\\/\\\/adoroler.com.br\\\/wp-content\\\/uploads\\\/livro-formikinha.jpg\",\"contentUrl\":\"https:\\\/\\\/adoroler.com.br\\\/wp-content\\\/uploads\\\/livro-formikinha.jpg\",\"width\":500,\"height\":500},{\"@type\":\"BreadcrumbList\",\"@id\":\"https:\\\/\\\/adoroler.com.br\\\/livro\\\/formikinha\\\/#breadcrumb\",\"itemListElement\":[{\"@type\":\"ListItem\",\"position\":1,\"name\":\"In\u00edcio\",\"item\":\"https:\\\/\\\/adoroler.com.br\\\/\"},{\"@type\":\"ListItem\",\"position\":2,\"name\":\"Formikinha\"}]},{\"@type\":\"WebSite\",\"@id\":\"https:\\\/\\\/adoroler.com.br\\\/#website\",\"url\":\"https:\\\/\\\/adoroler.com.br\\\/\",\"name\":\"Adoro Ler\",\"description\":\"\",\"publisher\":{\"@id\":\"https:\\\/\\\/adoroler.com.br\\\/#\\\/schema\\\/person\\\/e4773b3e2769cc0ee86d3e52dc655af0\"},\"potentialAction\":[{\"@type\":\"SearchAction\",\"target\":{\"@type\":\"EntryPoint\",\"urlTemplate\":\"https:\\\/\\\/adoroler.com.br\\\/?s={search_term_string}\"},\"query-input\":{\"@type\":\"PropertyValueSpecification\",\"valueRequired\":true,\"valueName\":\"search_term_string\"}}],\"inLanguage\":\"en-US\"},{\"@type\":[\"Person\",\"Organization\"],\"@id\":\"https:\\\/\\\/adoroler.com.br\\\/#\\\/schema\\\/person\\\/e4773b3e2769cc0ee86d3e52dc655af0\",\"name\":\"admin\",\"image\":{\"@type\":\"ImageObject\",\"inLanguage\":\"en-US\",\"@id\":\"http:\\\/\\\/adoroler.com.br\\\/wp-content\\\/uploads\\\/virginia-de-medeiros-640x610-1.jpg\",\"url\":\"http:\\\/\\\/adoroler.com.br\\\/wp-content\\\/uploads\\\/virginia-de-medeiros-640x610-1.jpg\",\"contentUrl\":\"http:\\\/\\\/adoroler.com.br\\\/wp-content\\\/uploads\\\/virginia-de-medeiros-640x610-1.jpg\",\"width\":640,\"height\":610,\"caption\":\"admin\"},\"logo\":{\"@id\":\"http:\\\/\\\/adoroler.com.br\\\/wp-content\\\/uploads\\\/virginia-de-medeiros-640x610-1.jpg\"},\"sameAs\":[\"http:\\\/\\\/adoroler.com.br\"]}]}<\/script>\n<!-- \/ Yoast SEO plugin. -->","yoast_head_json":{"title":"Formikinha - Adoro Ler","robots":{"index":"index","follow":"follow","max-snippet":"max-snippet:-1","max-image-preview":"max-image-preview:large","max-video-preview":"max-video-preview:-1"},"canonical":"https:\/\/adoroler.com.br\/en\/livro\/formikinha\/","og_locale":"en_US","og_type":"article","og_title":"Formikinha - Adoro Ler","og_description":"Sobre a autora Erika Maciel \u00e9 professora de L\u00edngua Portuguesa do Instituto federal de Educa\u00e7\u00e3o, Ci\u00eancia e Tecnologia da Bahia (IFBA). \u00c9 graduada em letras Vern\u00e1culas com L\u00edngua Italiana pela Universidade Federal da Bahia (UFBA) e especialista em Gram\u00e1tica e Texto pela Universidade Salvador (UNIFACS). Em seu livro de estreia \u2013 \u201cFormikinha, a formiga que [&hellip;]","og_url":"https:\/\/adoroler.com.br\/en\/livro\/formikinha\/","og_site_name":"Adoro Ler","article_modified_time":"2023-04-13T15:02:12+00:00","og_image":[{"width":500,"height":500,"url":"https:\/\/adoroler.com.br\/wp-content\/uploads\/livro-formikinha.jpg","type":"image\/jpeg"}],"twitter_card":"summary_large_image","twitter_misc":{"Est. reading time":"1 minute"},"schema":{"@context":"https:\/\/schema.org","@graph":[{"@type":["WebPage","CollectionPage"],"@id":"https:\/\/adoroler.com.br\/livro\/formikinha\/","url":"https:\/\/adoroler.com.br\/livro\/formikinha\/","name":"Formikinha - Adoro Ler","isPartOf":{"@id":"https:\/\/adoroler.com.br\/#website"},"primaryImageOfPage":{"@id":"https:\/\/adoroler.com.br\/livro\/formikinha\/#primaryimage"},"image":{"@id":"https:\/\/adoroler.com.br\/livro\/formikinha\/#primaryimage"},"thumbnailUrl":"https:\/\/adoroler.com.br\/wp-content\/uploads\/livro-formikinha.jpg","datePublished":"2010-04-11T22:43:00+00:00","dateModified":"2023-04-13T15:02:12+00:00","breadcrumb":{"@id":"https:\/\/adoroler.com.br\/livro\/formikinha\/#breadcrumb"},"inLanguage":"en-US"},{"@type":"ImageObject","inLanguage":"en-US","@id":"https:\/\/adoroler.com.br\/livro\/formikinha\/#primaryimage","url":"https:\/\/adoroler.com.br\/wp-content\/uploads\/livro-formikinha.jpg","contentUrl":"https:\/\/adoroler.com.br\/wp-content\/uploads\/livro-formikinha.jpg","width":500,"height":500},{"@type":"BreadcrumbList","@id":"https:\/\/adoroler.com.br\/livro\/formikinha\/#breadcrumb","itemListElement":[{"@type":"ListItem","position":1,"name":"In\u00edcio","item":"https:\/\/adoroler.com.br\/"},{"@type":"ListItem","position":2,"name":"Formikinha"}]},{"@type":"WebSite","@id":"https:\/\/adoroler.com.br\/#website","url":"https:\/\/adoroler.com.br\/","name":"Adoro Ler","description":"","publisher":{"@id":"https:\/\/adoroler.com.br\/#\/schema\/person\/e4773b3e2769cc0ee86d3e52dc655af0"},"potentialAction":[{"@type":"SearchAction","target":{"@type":"EntryPoint","urlTemplate":"https:\/\/adoroler.com.br\/?s={search_term_string}"},"query-input":{"@type":"PropertyValueSpecification","valueRequired":true,"valueName":"search_term_string"}}],"inLanguage":"en-US"},{"@type":["Person","Organization"],"@id":"https:\/\/adoroler.com.br\/#\/schema\/person\/e4773b3e2769cc0ee86d3e52dc655af0","name":"admin","image":{"@type":"ImageObject","inLanguage":"en-US","@id":"http:\/\/adoroler.com.br\/wp-content\/uploads\/virginia-de-medeiros-640x610-1.jpg","url":"http:\/\/adoroler.com.br\/wp-content\/uploads\/virginia-de-medeiros-640x610-1.jpg","contentUrl":"http:\/\/adoroler.com.br\/wp-content\/uploads\/virginia-de-medeiros-640x610-1.jpg","width":640,"height":610,"caption":"admin"},"logo":{"@id":"http:\/\/adoroler.com.br\/wp-content\/uploads\/virginia-de-medeiros-640x610-1.jpg"},"sameAs":["http:\/\/adoroler.com.br"]}]}},"_links":{"self":[{"href":"https:\/\/adoroler.com.br\/en\/wp-json\/wp\/v2\/obras\/851","targetHints":{"allow":["GET"]}}],"collection":[{"href":"https:\/\/adoroler.com.br\/en\/wp-json\/wp\/v2\/obras"}],"about":[{"href":"https:\/\/adoroler.com.br\/en\/wp-json\/wp\/v2\/types\/obras"}],"wp:featuredmedia":[{"embeddable":true,"href":"https:\/\/adoroler.com.br\/en\/wp-json\/wp\/v2\/media\/855"}],"wp:attachment":[{"href":"https:\/\/adoroler.com.br\/en\/wp-json\/wp\/v2\/media?parent=851"}],"wp:term":[{"taxonomy":"category","embeddable":true,"href":"https:\/\/adoroler.com.br\/en\/wp-json\/wp\/v2\/categories?post=851"}],"curies":[{"name":"wp","href":"https:\/\/api.w.org\/{rel}","templated":true}]}}

<h2 class="wp-block-heading">Sobre a autora</h2>



<p>Erika Maciel é professora de Língua Portuguesa do Instituto federal de Educação, Ciência e Tecnologia da Bahia (IFBA). É graduada em letras Vernáculas com Língua Italiana pela Universidade Federal da Bahia (UFBA) e especialista em Gramática e Texto pela Universidade Salvador (UNIFACS).</p>



<p>Em seu livro de estreia – “Formikinha, a formiga que gostava de ler” -, a autora faz uma viagem até sua infância na cidade de Alagoinhas, no interior da Bahia, onde seus avós paternos possuíam uma livraria.</p>



<p>Lá, Erika, ou Formiga, como era chamada por seu avô Teófilo, por ser muito pequena e agitada, ou ainda Kinha, como muitos a conhecem até hoje, cresceu em um ambiente cercado de livros e materiais escolares e no qual a leitura era sempre uma aventura muito prazerosa.</p>



<div class="wp-block-columns creditos is-layout-flex wp-container-core-columns-is-layout-9d6595d7 wp-block-columns-is-layout-flex">
<div class="wp-block-column is-layout-flow wp-block-column-is-layout-flow">
<h4 class="wp-block-heading">Editora</h4>



<ul class="wp-block-list">
<li>Expoart (71-99972-7474)</li>
</ul>



<h4 class="wp-block-heading">Autora</h4>



<ul class="wp-block-list">
<li>Erika Maciel</li>
</ul>



<h4 class="wp-block-heading">Ilustradores</h4>



<ul class="wp-block-list">
<li>Paulo Serra</li>
</ul>



<h4 class="wp-block-heading">Revisão</h4>



<ul class="wp-block-list">
<li>Erika Maciel</li>
</ul>



<h4 class="wp-block-heading">Capa</h4>



<ul class="wp-block-list">
<li>Leonardo Bokor</li>
</ul>



<h4 class="wp-block-heading">Agradecimentos</h4>



<ul class="wp-block-list">
<li>Leonardo Bokor</li>
</ul>
</div>



<div class="wp-block-column is-layout-flow wp-block-column-is-layout-flow">
<p>Patrocinio da RedeMix, utilizando os benefícios do Programa Estadual de Incentivo à Cultura - FAZCULTURA - do Governo do Estado da Bahia. Lei nº 7015/96. Salvador - Bahia - Brasil</p>
</div>
</div>

<p>Sobre a autora Erika Maciel é professora de Língua Portuguesa do Instituto federal de Educação, Ciência e Tecnologia da Bahia (IFBA). É graduada em letras Vernáculas com Língua Italiana pela Universidade Federal da Bahia (UFBA) e especialista em Gramática e Texto pela Universidade Salvador (UNIFACS). Em seu livro de estreia – “Formikinha, a formiga que [&hellip;]</p>

<!-- This site is optimized with the Yoast SEO plugin v27.5 - https://yoast.com/product/yoast-seo-wordpress/ -->
<title>Formikinha - Adoro Ler</title>
<meta name="robots" content="index, follow, max-snippet:-1, max-image-preview:large, max-video-preview:-1" />
<link rel="canonical" href="https://adoroler.com.br/en/livro/formikinha/" />
<meta property="og:locale" content="en_US" />
<meta property="og:type" content="article" />
<meta property="og:title" content="Formikinha - Adoro Ler" />
<meta property="og:description" content="Sobre a autora Erika Maciel é professora de Língua Portuguesa do Instituto federal de Educação, Ciência e Tecnologia da Bahia (IFBA). É graduada em letras Vernáculas com Língua Italiana pela Universidade Federal da Bahia (UFBA) e especialista em Gramática e Texto pela Universidade Salvador (UNIFACS). Em seu livro de estreia – “Formikinha, a formiga que [&hellip;]" />
<meta property="og:url" content="https://adoroler.com.br/en/livro/formikinha/" />
<meta property="og:site_name" content="Adoro Ler" />
<meta property="article:modified_time" content="2023-04-13T15:02:12+00:00" />
<meta property="og:image" content="https://adoroler.com.br/wp-content/uploads/livro-formikinha.jpg" />
	<meta property="og:image:width" content="500" />
	<meta property="og:image:height" content="500" />
	<meta property="og:image:type" content="image/jpeg" />
<meta name="twitter:card" content="summary_large_image" />
<meta name="twitter:label1" content="Est. reading time" />
	<meta name="twitter:data1" content="1 minute" />
<script type="application/ld+json" class="yoast-schema-graph">{"@context":"https:\/\/schema.org","@graph":[{"@type":["WebPage","CollectionPage"],"@id":"https:\/\/adoroler.com.br\/livro\/formikinha\/","url":"https:\/\/adoroler.com.br\/livro\/formikinha\/","name":"Formikinha - Adoro Ler","isPartOf":{"@id":"https:\/\/adoroler.com.br\/#website"},"primaryImageOfPage":{"@id":"https:\/\/adoroler.com.br\/livro\/formikinha\/#primaryimage"},"image":{"@id":"https:\/\/adoroler.com.br\/livro\/formikinha\/#primaryimage"},"thumbnailUrl":"https:\/\/adoroler.com.br\/wp-content\/uploads\/livro-formikinha.jpg","datePublished":"2010-04-11T22:43:00+00:00","dateModified":"2023-04-13T15:02:12+00:00","breadcrumb":{"@id":"https:\/\/adoroler.com.br\/livro\/formikinha\/#breadcrumb"},"inLanguage":"en-US"},{"@type":"ImageObject","inLanguage":"en-US","@id":"https:\/\/adoroler.com.br\/livro\/formikinha\/#primaryimage","url":"https:\/\/adoroler.com.br\/wp-content\/uploads\/livro-formikinha.jpg","contentUrl":"https:\/\/adoroler.com.br\/wp-content\/uploads\/livro-formikinha.jpg","width":500,"height":500},{"@type":"BreadcrumbList","@id":"https:\/\/adoroler.com.br\/livro\/formikinha\/#breadcrumb","itemListElement":[{"@type":"ListItem","position":1,"name":"Início","item":"https:\/\/adoroler.com.br\/"},{"@type":"ListItem","position":2,"name":"Formikinha"}]},{"@type":"WebSite","@id":"https:\/\/adoroler.com.br\/#website","url":"https:\/\/adoroler.com.br\/","name":"Adoro Ler","description":"","publisher":{"@id":"https:\/\/adoroler.com.br\/#\/schema\/person\/e4773b3e2769cc0ee86d3e52dc655af0"},"potentialAction":[{"@type":"SearchAction","target":{"@type":"EntryPoint","urlTemplate":"https:\/\/adoroler.com.br\/?s={search_term_string}"},"query-input":{"@type":"PropertyValueSpecification","valueRequired":true,"valueName":"search_term_string"}}],"inLanguage":"en-US"},{"@type":["Person","Organization"],"@id":"https:\/\/adoroler.com.br\/#\/schema\/person\/e4773b3e2769cc0ee86d3e52dc655af0","name":"admin","image":{"@type":"ImageObject","inLanguage":"en-US","@id":"http:\/\/adoroler.com.br\/wp-content\/uploads\/virginia-de-medeiros-640x610-1.jpg","url":"http:\/\/adoroler.com.br\/wp-content\/uploads\/virginia-de-medeiros-640x610-1.jpg","contentUrl":"http:\/\/adoroler.com.br\/wp-content\/uploads\/virginia-de-medeiros-640x610-1.jpg","width":640,"height":610,"caption":"admin"},"logo":{"@id":"http:\/\/adoroler.com.br\/wp-content\/uploads\/virginia-de-medeiros-640x610-1.jpg"},"sameAs":["http:\/\/adoroler.com.br"]}]}</script>
<!-- / Yoast SEO plugin. -->

Sobre a autora Erika Maciel é professora de Língua Portuguesa do Instituto federal de Educação, Ciência e Tecnologia da Bahia (IFBA). É graduada em letras Vernáculas com Língua Italiana pela Universidade Federal da Bahia (UFBA) e especialista em Gramática e Texto pela Universidade Salvador (UNIFACS). Em seu livro de estreia – “Formikinha, a formiga que [&hellip;]

Início
